**3 - 10*u**2 + 14*u + 12. What is d(8)?
-4
Let f(t) = -t**3 - 7*t**2 - 8*t - 25. Determine f(-6).
-13
Let n(z) = -z**3 + 12*z**2 - 2*z + 23. Give n(12).
-1
Let y(o) = -o**3 - 8*o**2 + 3*o + 8. Calculate y(-7).
-62
Let f(x) = -2*x**3 + 11*x**2 - 8*x + 3. Give f(6).
-81
Let b(z) = z - 4. Give b(5).
1
Let j(l) = l**2 - 3*l - 35. Determine j(7).
-7
Let u(g) = -g**2 + 12*g + 22. Calculate u(17).
-63
Let z(u) = -u**3 - 20*u**2 - 19*u - 29. Determine z(-19).
-29
Let a(w) = -w**2 - 11*w + 17. Determine a(-12).
5
Let g(w) = 2*w**2 - 9*w + 3. Calculate g(6).
21
Let v(l) = l**2 - 2*l + 1. Calculate v(-3).
16
Let o(z) = -z**2 + 32*z - 126. What is o(28)?
-14
Let l(r) = 3*r**3 + 14*r**2 + 11. Determine l(-5).
-14
Let r(t) = t**2 - 7*t - 7. Determine r(8).
1
Let k(w) = w + 2. What is k(-9)?
-7
Let n(k) = -k**2 - 2*k + 5. Determine n(5).
-30
Let u(m) = -13*m - 26. Give u(5).
-91
Let c(b) = b**2 + 41*b - 99. Calculate c(-43).
-13
Let o(i) = -i + 6. Give o(-3).
9
Let i(m) = -35*m - 48. Determine i(-4).
92
Let i(k) = 7*k**2 + 2*k - 9. What is i(-2)?
15
Let r(u) = -30*u**3 - 2*u**2 + 1. What is r(1)?
-31
Let i(l) = l**2 + 4*l - 24. Determine i(6).
36
Let k(z) = -z**2 + 10*z - 7. What is k(9)?
2
Let z(l) = -l**2 - l - 1. Determine z(-7).
-43
Let s(o) = -9*o + 57. Calculate s(8).
-15
Let o(z) = 21*z - 203. What is o(10)?
7
Let m(o) = -16*o - 1. Calculate m(-2).
31
Let f(z) = -z**3 - 8*z**2 - 5*z + 3. Calculate f(-9).
129
Let k(n) = -6*n + 3. Calculate k(-2).
15
Let j(i) = i**2 - 15*i - 121. Calculate j(21).
5
Let d(o) = -o + 12. Give d(7).
5
Let b(p) = 4*p - 83. Give b(13).
-31
Let r(w) = w**3 + 8*w**2 - 2*w - 58. Give r(-7).
5
Let s(w) = -w**2 + 15*w - 50. What is s(7)?
6
Let s(n) = 2*n**3 + n**2 + 6*n - 9. What is s(2)?
23
Let j(m) = -m + 14. Determine j(6).
8
Let h(i) = i**3 + 8*i**2 + 10*i - 8. Calculate h(-6).
4
Let i(z) = 12*z - 193. Give i(16).
-1
Let t(u) = 4*u - 46. Determine t(10).
-6
Let c(u) = -3*u**2 + 6*u + 5. Determine c(-3).
-40
Let r(z) = -z**2 + 7*z - 2. Determine r(5).
8
Let t(v) = -v - 3. What is t(-6)?
3
Let u(o) = 2*o**2 - 7*o - 2. Calculate u(6).
28
Let o(r) = -r**3 - 6*r**2 - 5*r - 7. Give o(-6).
23
Let y(s) = 10*s + 1. Determine y(0).
1
Let z(i) = -33*i**2 - 144*i - 7. Calculate z(-4).
41
Let h(r) = r**3 - 18*r**2 - 20*r + 18. What is h(19)?
-1
Let j(n) = -n**2 + n - 1. Give j(-1).
-3
Let g(a) = a + 5. Calculate g(5).
10
Let c(b) = -b**3 + 5*b**2 + 39*b - 10. What is c(9)?
17
Let p(o) = -o**3 - 28*o**2 - 2*o - 20. Give p(-28).
36
Let g(b) = 4*b**3 + b**2 - b. Give g(-2).
-26
Let g(j) = -11*j + 159. Calculate g(14).
5
Let o(g) = -g**3 - g**2 - 28*g - 95. Calculate o(-3).
7
Let q(k) = -k**3 + 7*k**2 - 7. Determine q(7).
-7
Let c(u) = -2*u**2 + 96*u + 19. Give c(48).
19
Let r(s) = s**2 + 16*s + 15. Determine r(-14).
-13
Let i(j) = -7*j - 259. Calculate i(-36).
-7
Let i(l) = l**2 + 2*l - 5. Give i(-6).
19
Let m(w) = 2*w**3 + 3*w**2 + w - 4. What is m(-2)?
-10
Let d(m) = -4*m. Calculate d(-1).
4
Let y(i) = 12*i - 279. Determine y(22).
-15
Let z(k) = -k**2 + 10*k + 44. Give z(13).
5
Let l(c) = -c**3 + c**2 + 36*c - 8. What is l(6)?
28
Let n(y) = y**3 - 2*y**2 + 4*y. Determine n(4).
48
Let j(h) = -11*h - 7. Calculate j(-2).
15
Let u(s) = 10*s - 8. Calculate u(2).
12
Let o(u) = 2*u**3 - 22*u**2 - 20*u - 51. Determine o(12).
-3
Let j(p) = -4*p + 5. Give j(6).
-19
Let c(k) = -2*k**2 + 5*k - 9. Give c(4).
-21
Let w(h) = -h**3 - 5*h**2 + 4*h + 4. Give w(-4).
-28
Let h(i) = -8*i - 2. Give h(1).
-10
Let r(h) = -h**3 - 7*h**2 + 4*h + 9. What is r(-7)?
-19
Let u(p) = 5*p - 49. Give u(12).
11
Let j(p) = -2*p. What is j(4)?
-8
Let q(r) = -r**2 - 13*r - 41. What is q(-7)?
1
Let b(o) = 111*o + 1339. Determine b(-12).
7
Let x(h) = 2*h + 138. Determine x(-63).
12
Let m(n) = 2*n - 27. Give m(12).
-3
Let r(i) = -i + 24. Calculate r(10).
14
Let c(k) = -k**3 - 3*k**2 - 2*k - 4. Determine c(-3).
2
Let h(a) = a**2 + 14*a + 18. What is h(-12)?
-6
Let w(a) = a**2 - a + 33. Calculate w(0).
33
Let q(d) = d**3 + 9*d**2 - 9*d - 86. What is q(-9)?
-5
Let z(m) = -3*m**2 + 30*m + 14. Give z(10).
14
Let j(b) = -8*b + 5. Determine j(4).
-27
Let b(z) = z**3 + 6*z**2 - 23*z - 64. Calculate b(-8).
-8
Let j(c) = -4*c**2 - 183*c + 38. Give j(-46).
-8
Let d(a) = -4*a - 12. Give d(-2).
-4
Let d(u) = u**3 - 3*u**2 + 3*u - 2. Determine d(0).
-2
Let p(u) = 17*u - 3. Give p(2).
31
Let j(x) = 23*x - 492. What is j(21)?
-9
Let w(c) = c**3 + 3*c**2 - 3*c - 2. Calculate w(-4).
-6
Let c(n) = 4*n - 19. Give c(7).
9
Let u(l) = 32*l**2 - l + 1. Give u(1).
32
Let i(n) = n - 4. Calculate i(6).
2
Let f(r) = -3*r + 45. Give f(18).
-9
Let w(j) = -j**2 - 10*j - 26. Give w(-15).
-101
Let n(l) = -6*l - 32. What is n(-5)?
-2
Let z(i) = i**3 - 17*i**2 + 11*i + 26. What is z(16)?
-54
Let j(l) = -l**3 - 15*l**2 - 12*l + 23. What is j(-14)?
-5
Let g(f) = f**3 + 4*f**2 + 2*f - 3. Give g(-3).
0
Let a(k) = -k**3 + 16*k**2 - 16*k + 7. Give a(15).
-8
Let s(k) = -4*k + 45. What is s(7)?
17
Let l(g) = -g**3 - 2*g**2 + 11*g + 8. What is l(-5)?
28
Let m(v) = -v**3 - 3*v**2 + 12*v - 1. Calculate m(-5).
-11
Let z(w) = -w**2 - 3*w + 3. Determine z(-4).
-1
Let q(f) = 3*f + 60. Give q(-10).
30
Let k(t) = 23*t + 13. Calculate k(-2).
-33
Let r(o) = o**3 - 7*o**2 + 6*o - 3. Calculate r(6).
-3
Let x(b) = -b + 6. Determine x(2).
4
Let a(b) = 5*b - 95. Calculate a(16).
-15
Let n(a) = a**3 + a**2 + 2*a + 3. Calculate n(0).
3
Let r(h) = -h**3 - 5*h**2 + 10*h + 9. Calculate r(-7).
37
Let w(o) = 10*o**2 + o - 1. Give w(1).
10
Let h(n) = -n**3 - 9*n**2 + 9*n - 7. Calculate h(-10).
3
Let c(g) = 140*g + 275. Determine c(-2).
-5
Let b(w) = -w**3 + 17*w**2 - w + 20. Calculate b(17).
3
Let w(u) = u**3 - 18*u**2 + 46*u - 22. Give w(15).
-7
Let n(d) = -d**2 - 5*d + 102. Give n(-13).
-2
Let g(x) = -x**2 + 3*x + 2. Determine g(4).
-2
Let i(w) = -4*w. Give i(-5).
20
Let r(a) = a**3 + 7*a**2 + 2*a + 29. What is r(-7)?
15
Let k(x) = x**2 + 9*x - 6. What is k(-9)?
-6
Let o(n) = n**3 + 4*n**2 - n - 5. Give o(-3).
7
Let p(w) = -w**3 - 6*w**2 + 5*w - 12. What is p(-7)?
2
Let f(u) = -9*u**2 - 4*u + 5. Determine f(-4).
-123
Let s(o) = 3*o**3 + 221*o**2 + 147*o + 66. Calculate s(-73).
-7
Let z(x) = -x**2 - 4*x + 20. Give z(-11).
-57
Let b(p) = 21*p - 1. Calculate b(2).
41
Let q(c) = -c**2 + 18*c - 18. Determine q(14).
38
Let u(x) = x**3 - 8*x**2 + 17*x + 4. Calculate u(4).
8
Let b(q) = 11*q + 61. Give b(-8).
-27
Let u(s) = -s**2 + 3*s + 17. What is u(5)?
7
Let b(v) = 12*v**3 + 5*v + 1. Give b(-2).
-105
Let n(f) = -15*f - 116. Determine n(-7).
-11
Let t(x) = 26*x**2 - 1. What is t(-1)?
25
Let z(g) = -3*g - 3. Give z(5).
-18
Let v(q) = q**2 + 5*q + 9. What is v(-6)?
15
Let m(s) = s**3 - 11*s**2 + 2. Calculate m(11).
2
Let o(u) = u + 4. What is o(-8)?
-4
Let m(h) = h**2 + 12*h - 91. Calculate m(5).
-6
Let i(f) = -f**3 - 6*f**2 + 7*f - 10. Determine i(-7).
-10
Let s(o) = o**3 + 2*o**2 - 15*o - 11. Give s(-5).
-11
Let x(c) = c**3 + 7*c**2 - 10*c - 10. What is x(-8)?
6
Let w(a) = -2*a**2 - 9*a - 23. Calculate w(-3).
-14
Let m(r) = r**2 + 8*r + 14. Give m(-7).
7
Let n(b) = -b**2 + 14*b - 32. What is n(10)?
8
Let m(h) = 2*h + 16. Determine m(7).
30
Let v(m) = m**2 - 6*m - 2. Give v(7).
5
Let i(w) = -w**3 + 3*w**2 + 5*w. Calculate i(4).
4
Let x(l) = -l**2 + 14*l + 19. Determine x(14).
19
Let v(r) = r + 1. Determine v(0).
1
Let z(y) = -8*y**2 + 8*y + 10. Give z(-1).
-6
Let j(w) = -w**3 - 4*w**2 - 3*w + 4. Determine j(-5).
44
Let f(d) = -3*d**2 + 2*d - 2. Determine f(3).
-23
Let g(u) = 2*u**3 + 25*u**2 - u + 150. Determine g(-13).
-6
Let u(p) = -p**3 - 7*p**2 - 7*p - 4. Determine u(-7).
45
Let x(r) = r**3 + 5*r**2 + 7*r - 4. Give x(-4).
-16
Let i(y) = -y**3 - 21*y**2 - 3*y - 67. Determine i(-21).
-4
Let k(f) = -3*f**3 + 33*f**2 - 2*f - 1. Give k(11).
-23
Let r(a) = 2*a + 16. Give r(-7).
2
Let v(n) = -n**2 + 6*n + 9. What is v(7)?
2
Let o(m) = -m**2 + 12*m - 10. What is o(9)?
17
Let y(t) = -14*t - 101. Calculate y(-7).
-3
Let l(d) = d**3 + 6*d**2 - 15*d - 26. Calculate l(-7).
30
Let z(g) = -6*g + 90. Give z(21).
-36
Let c(w) = w**2 + 36*w + 73. What is c(-2)?
5
Let g(h) = h**2 + 2*h. Determine g(0).
0
Let v(q) = q**3 - 9*q**2 + 11*q - 18. What is v(8)?
6
Let b(y) = -12*y - 3. Give b(-3).
33
Let g(t) = 6*t - 12. What is g(4)?
12
Let u(x) = 3*x**2 - 2*x - 2. D